{"id":3,"date":"2023-01-05T20:23:45","date_gmt":"2023-01-05T20:23:45","guid":{"rendered":"https:\/\/www.cenresig.org\/final\/?page_id=3"},"modified":"2023-02-01T18:10:41","modified_gmt":"2023-02-01T17:10:41","slug":"privacy-policy","status":"publish","type":"page","link":"https:\/\/www.cenresig.org\/final\/privacy-policy\/","title":{"rendered":"Privacy Policy &#8211; Dichiarazione sulla tutela della privacy"},"content":{"rendered":"<div class=\"row \"><div class=\"wpv-grid grid-1-1  wpv-first-level first unextended\" style=\"padding-top:0px;padding-bottom:0px\" id=\"wpv-column-b6ea9d1a6f02b3a61a44ec4427e50e2e\" ><p><strong>La presente informativa riguarda le modalita\u0300 di trattamento relative a tutti i dati conferiti all\u2019atto della costituzione di qualsiasi rapporto, a base contrattuale, con il nostro Ente di culto civilmente riconosciuto, e di quelli che verranno forniti al fine della gestione dei futuri rapporti contrattuali, ai sensi del Regolamento UE 2016\/679 del 27 aprile 2016 (GDPR)<\/strong><\/p>\n<p>Il Centro Studi Cenresig non raccoglie sul suo sito alcun dato personale dei visitatori, eccetto quelli che le vengono dati spontaneamente tramite un&#8217;e-mail, un modulo di richiesta informazioni o un modulo per diventare socio dell&#8217;associazione.<br \/>I dati personali memorizzati tramite il sito in oggetto sono accessibili esclusivamente al personale addetto e utilizzati dal Centro Studi Cenresig per informare i visitatori sulle sue attivit\u00e0. I suddetti dati non vengono ceduti a nessun titolo a terzi, in osservanza alla legge 675\/96. Qualora non si desideri ricevere pi\u00f9 informazioni dal Centro Studi Cenresig , \u00e8 sufficiente comunicarlo al seguente indirizzo: <span style=\"line-height: 1.5;\"><a href=\"mailto:director.cenresig@gmail.com\">director.cenresig@gmail.com<\/a><\/span><\/p>\n<h2>Cookie Policy<\/h2>\n<p>In informatica i cookie HTTPS (pi\u00f9 comunemente denominati Web cookie, tracking cookie o semplicemente cookie) sono righe di testo usate per eseguire autenticazioni automatiche, tracciatura di sessioni e memorizzazione di informazioni specifiche riguardanti gli utenti che accedono al server, come ad esempio siti web preferiti o, in caso di acquisti via internet, il contenuto dei loro \u201ccarrelli della spesa\u201d.<\/p>\n<p>In termini pratici e non specialistici, un cookie \u00e8 un piccolo file, memorizzato nel computer da siti web durante la navigazione, utile a salvare le preferenze e a migliorare le prestazioni dei siti web. In questo modo si ottimizza l\u2019esperienza di navigazione da parte dell\u2019utente.<br \/>Alcuni di questi cookies sono necessari al corretto funzionamento del sito, altri detti profilazione consentono al sito di memorizzare informazioni in modo sicuro sulla visita dell\u2019utente che pu\u00f2 facilitare la visita successiva al Sito e migliorare l\u2019esperienza di navigazione degli utenti nel Sito.<br \/>I cookies vengono utilizzati per vari scopi: quello primario \u00e8 contare il numero di visitatori.<br \/>I cookie non vengono utilizzati per acquisire informazioni presenti sul computer e non possono raccogliere informazioni da altri cookie presenti sul computer dell\u2019utente e provenienti da altri.<br \/>La maggior parte dei navigatori internet accetta automaticamente i cookies, ma se l\u2019utente preferisce, pu\u00f2 non abilitare i cookies attraverso le apposite impostazioni del browser impiegato. Tuttavia, se si sceglie di non accettare i cookies, si incorre nella limitazione all\u2019accesso di alcune funzioni e parti del Sito.<br \/>Per migliorare le funzionalit\u00e0 del nostro sito, impieghiamo tecnologie e servizi di terze parti.<br \/>Se l\u2019utente non vuole che i servizi di terze parti impiegati nel Sito raccolgano informazioni o inviino dei cookies, pu\u00f2 non abilitare i cookies attraverso le apposite impostazioni del browser impiegato. Questa impostazione potrebbe compromettere per\u00f2, oltre alla funzione dei servizi di terze parti, anche alcune funzioni del Sito.<\/p>\n<h3>Google Maps<\/h3>\n<p>Per ulteriori informazioni, si rinvia al link di seguito indicato:<br \/><a href=\"http:\/\/www.google.it\/intl\/it\/maps\/about\/behind-the-scenes\/streetview\/privacy\/\">http:\/\/www.google.it\/intl\/it\/maps\/about\/behind-the-scenes\/streetview\/privacy\/<\/a><\/p>\n<h3>Durata dei cookie<\/h3>\n<p>Alcuni cookie (cookie di sessione) restano attivi solo fino alla chiusura del <em>browser<\/em> o all&#8217;esecuzione del comando di <em>logout<\/em>. Altri cookie \u201csopravvivono\u201d alla chiusura del <em>browser<\/em> e sono disponibili anche in successive visite dell&#8217;utente.<\/p>\n<p>Questi cookie sono detti persistenti e la loro durata \u00e8 fissata dal server al momento della loro creazione. In alcuni casi \u00e8 fissata una scadenza, in altri casi la durata \u00e8 illimitata.<\/p>\n<p>cenresig.org <strong>non fa uso di cookie persistenti<\/strong>.<\/p>\n<p>Tuttavia, navigando sulle pagine dei siti web dell&#8217;Istituto si pu\u00f2 interagire con siti gestiti da terze parti che possono creare o modificare cookie permanenti e di profilazione.<\/p>\n<h3>\u00a0<\/h3>\n<h3>Gestione dei cookie<\/h3>\n<p>L&#8217;utente pu\u00f2 decidere se accettare o meno i cookie utilizzando le impostazioni del proprio <em>browser<\/em>.<\/p>\n<p><strong>Attenzione<\/strong>: la disabilitazione totale o parziale dei cookie tecnici pu\u00f2 compromettere l&#8217;utilizzo delle funzionalit\u00e0 del sito riservate agli utenti registrati. Al contrario, la fruibilit\u00e0 dei contenuti pubblici \u00e8 possibile anche disabilitando completamente i cookie.<\/p>\n<p>La disabilitazione dei cookie \u201cterze parti\u201d non pregiudica in alcun modo la navigabilit\u00e0.<\/p>\n<p>L&#8217;impostazione pu\u00f2 essere definita in modo specifico per i diversi siti e applicazioni web. Inoltre i migliori <em>browser<\/em> consentono di definire impostazioni diverse per i cookie \u201cproprietari\u201d e per quelli di \u201cterze parti\u201d.<\/p>\n<p>A titolo di esempio, in Firefox, attraverso il menu <em>Strumenti-&gt;Opzioni -&gt;Privacy<\/em>, \u00e8 possibile accedere ad un pannello di controllo dove \u00e8 possibile definire se accettare o meno i diversi tipi di cookie e procedere alla loro rimozione.<\/p>\n<p>Chrome: <a class=\"ext\" href=\"https:\/\/support.google.com\/chrome\/answer\/95647?hl=it\">https:\/\/support.google.com\/chrome\/answer\/95647?hl=it<\/a><\/p>\n<p>Firefox: <a class=\"ext\" href=\"https:\/\/support.mozilla.org\/it\/kb\/Gestione%20dei%20cookie\">https:\/\/support.mozilla.org\/it\/kb\/Gestione%20dei%20cookie<\/a><\/p>\n<p>Internet Explorer: <a class=\"ext\" href=\"http:\/\/windows.microsoft.com\/it-it\/windows7\/how-to-manage-cookies-in-internet-explorer-9\">http:\/\/windows.microsoft.com\/it-it\/windows7\/how-to-manage-cookies-in-internet-explorer-9<\/a><\/p>\n<p>Opera: <a class=\"ext\" href=\"http:\/\/help.opera.com\/Windows\/10.00\/it\/cookies.html\">http:\/\/help.opera.com\/Windows\/10.00\/it\/cookies.html<\/a><\/p>\n<p>Safari: <a class=\"ext\" href=\"http:\/\/support.apple.com\/kb\/HT1677?viewlocale=it_IT\">http:\/\/support.apple.com\/kb\/HT1677?viewlocale=it_IT<\/a><\/div><\/div>\n","protected":false},"excerpt":{"rendered":"<p>La presente informativa riguarda le modalita\u0300 di trattamento relative a tutti i dati conferiti all\u2019atto della costituzione di qualsiasi rapporto, a base contrattuale, con il nostro Ente di culto civilmente&#8230;<\/p>\n","protected":false},"author":1,"featured_media":0,"parent":0,"menu_order":0,"comment_status":"closed","ping_status":"open","template":"","meta":{"footnotes":""},"class_list":["post-3","page","type-page","status-publish","hentry"],"_links":{"self":[{"href":"https:\/\/www.cenresig.org\/final\/wp-json\/wp\/v2\/pages\/3","targetHints":{"allow":["GET"]}}],"collection":[{"href":"https:\/\/www.cenresig.org\/final\/wp-json\/wp\/v2\/pages"}],"about":[{"href":"https:\/\/www.cenresig.org\/final\/wp-json\/wp\/v2\/types\/page"}],"author":[{"embeddable":true,"href":"https:\/\/www.cenresig.org\/final\/wp-json\/wp\/v2\/users\/1"}],"replies":[{"embeddable":true,"href":"https:\/\/www.cenresig.org\/final\/wp-json\/wp\/v2\/comments?post=3"}],"version-history":[{"count":2,"href":"https:\/\/www.cenresig.org\/final\/wp-json\/wp\/v2\/pages\/3\/revisions"}],"predecessor-version":[{"id":26734,"href":"https:\/\/www.cenresig.org\/final\/wp-json\/wp\/v2\/pages\/3\/revisions\/26734"}],"wp:attachment":[{"href":"https:\/\/www.cenresig.org\/final\/wp-json\/wp\/v2\/media?parent=3"}],"curies":[{"name":"wp","href":"https:\/\/api.w.org\/{rel}","templated":true}]}}